 6*z - 3. Let g = -54 + 50. Give q(g).
-11
Let z(g) = -g**3 + 3*g**2 + 3*g - 4. Suppose 4*p - 4*q = -360, 76 = -2*p + 4*q - 114. Let o = p - -89. Give z(o).
-8
Suppose -5*a - q + 19 = -3*q, 5*q + 19 = 3*a. Suppose -2*c - 5*l + 21 = 0, -5*c + 12 = l - 2*l. Let h(k) = -1 + k + 0*k - c. Give h(a).
-1
Let o = -6 - -10. Suppose 12 = 4*m + 2*i - 8, 18 = o*m + i. Let r(a) = a**3 - 3*a**2 - 3*a + 4. Give r(m).
8
Let c(v) = -v + 2*v + 142 - 138. Calculate c(-2).
2
Let g(q) = 23 - 7 - 1 - q. Determine g(5).
10
Let y(x) be the first derivative of 7/2*x**2 + 6*x - 8 + 1/3*x**3. Give y(-4).
-6
Let s(f) = 11*f - 4. Let d(k) = 4*k. Let o(q) = 3*d(q) - s(q). What is o(-4)?
0
Let f(o) = o**3 + 8*o**2 + 2*o + 11. Let v = 5 - -13. Let g = 13 - v. Let j = -13 - g. What is f(j)?
-5
Let w(l) = 13*l - 1. Let j(t) = t**2 - 2. Let v be j(0). What is w(v)?
-27
Let n be 1/((-3)/36*-4). Let q(x) = -3*x**2 - 2*x - n*x + 7*x - x**3. What is q(-4)?
8
Let x be 1/(2*1/10). Let r be (-1)/5 + (64/20 - 1). Let h(w) = -27*w**r + 11*w**2 + 2 + 17*w**2 - 7*w. Calculate h(x).
-8
Let w(c) = 0*c**3 - c**3 - 5 + 9*c + 2*c**3 + 9*c**2. Let h(f) = -14*f + 790. Let a be h(57). What is w(a)?
-13
Let p be (3/(-1) - 0)/(-1). Let u(w) be the second derivative of w**5/60 - w**4/8 + w**3/3 - w**2 - w. Let l(o) be the first derivative of u(o). Determine l(p).
2
Let h(b) = -b - 5. Let t be h(-11). Let q(z) = -7 - 18*z - 5*z**2 + z**3 - 21*z + 34*z. Give q(t).
-1
Let k(a) = -305*a + 149*a - 1 + 150*a. Suppose 2*w + 2 = -3*n - 1, -5*n + 5*w - 5 = 0. Calculate k(n).
5
Let p(b) = 1530*b**2 + 5 + 0 - 1531*b**2. Determine p(-4).
-11
Suppose -11 = 8*c + 37. Let j(x) = -x**2 - 9*x - 15. What is j(c)?
3
Let h(c) = -c - 12. Let a = 256 - 273. Give h(a).
5
Let i(p) = -23*p**3 + 8*p**2 + 13*p**3 - 1 + 5*p + 11*p**3. Calculate i(-7).
13
Let p(a) = a**2 - 4*a - 1. Let m be p(5). Let l(u) = -5*u - 23. Let y be l(-5). Let q(g) = g**3 + 0*g**2 + 0*g**y + m - 5 - g. Calculate q(2).
5
Suppose -3*v = -4*q - 15 + 9, -2*v + 4 = -q. Let y(n) = n**3 - n**2 - n - 8. Calculate y(q).
-8
Let q(l) = -7*l + 2*l**2 + 16*l + 3 + 3 - 2*l. Determine q(-6).
36
Let q(k) = -4*k + 24. Let m(v) = v - 5. Let g(s) = 14*m(s) + 3*q(s). Suppose -3 = x - 3*j, -7*j + 6 = -2*x - 2*j. Determine g(x).
-4
Let t(q) = -5*q**3 + 8*q**2 - 6*q - 7. Let w(m) = -2*m**3 + m**2 - m - 1. Let b(i) = -t(i) + 2*w(i). Calculate b(6).
29
Let d be (-75)/(-60) - 6/(-8). Let o(x) = 11 - x + 3*x - d - 1. Give o(-6).
-4
Let d(x) = 234*x**3 - 5*x**2 - 5 - 6*x**2 + 5*x**2 - 5*x - 233*x**3 + 4*x**2. Determine d(4).
7
Let k(f) = -4*f**2. Let z = -15 + 51. Let y = -37 + z. Calculate k(y).
-4
Let n(y) = -30*y**2 + 1. Let b be 210/(-280) - 7/(-4). Calculate n(b).
-29
Let k be ((-10)/3)/((-56)/84). Let d(c) be the third derivative of 0*c + c**2 + 0 + 5/24*c**4 + 1/3*c**3 - 1/120*c**6 + 1/15*c**5. Give d(k).
2
Let c(w) be the second derivative of -w**3/3 + 11*w**2/2 - 120*w - 2. Calculate c(2).
7
Let l(y) = y**2 - 19*y + 28. Let s be l(14). Let c = 44 + s. Let k(n) = n**3 + n**2 - 2*n - 1. What is k(c)?
7
Suppose 3*j + 3*l = l - 14, -4*j - 57 = -5*l. Let k(t) be the first derivative of t**2/2 + 12*t - 97. Calculate k(j).
4
Suppose 0 = 2*x - 9*h + 5*h + 8, -3*x = -4*h + 4. Let i(p) = 3 + 16*p - 11*p - x*p. Let j be (0 - 1 - -1) + -7. Determine i(j).
-4
Suppose 0*c + 20 = 4*c + 4*d, 0 = 3*c - 5*d + 9. Let y(m) = m**c + 11*m**2 - m - 9*m**2. Give y(-1).
4
Let p(m) = -2*m**2 - 6*m - 1. Let f be -5 - (7 + -7 + 0). Give p(f).
-21
Suppose 3*i + 26 + 5 = 4*o, -3*i = 2*o + 7. Let m(u) = 10*u - 5. Calculate m(o).
35
Let g(k) = -28*k + 87. Let n be g(3). Let w(c) be the second derivative of -c**2 - 1/3*c**n + 0 - 1/12*c**4 + 3*c. Give w(-2).
-2
Let y(k) = k - 5. Let m be y(12). Suppose r - 13 = -m. Let i(w) = 3*w**2 - 7 - w - 5 - 2*w**2 + r. Determine i(0).
-6
Let i(c) = -3*c - 1. Let w be 20/3 - 16/24. Let t be 6/((-21)/w + 2). What is i(t)?
11
Let h be ((-2)/(-22))/(187/(-14399)). Let i(r) be the first derivative of -r**4/4 - 2*r**3 + 7*r**2/2 + 10*r + 1. Give i(h).
10
Let a(m) = 7*m + 31. Let z(l) = 11*l + 46. Let t(o) = -8*a(o) + 5*z(o). What is t(-12)?
-6
Suppose -4*t - 3 - 5 = 0. Suppose -2*j + 2*i = 8, -3*j + j + 16 = 4*i. Let b be 1 - (j + 1)*t. Let k(z) = -z**2 + 2*z + 2. Determine k(b).
-1
Let s(r) = 9*r**2 + r + 7. Let m(u) = -7*u**2 - 2*u - 5. Let j(w) = 5*m(w) + 4*s(w). Suppose 6*g - 20 = g. Calculate j(g).
-5
Let x(c) = 21*c - 111. Let s be x(5). Let a(h) = h**3 + 5*h**2 - 6*h + 4. Calculate a(s).
4
Suppose -84 = -3*m + 5*m. Let o = m - -39. Let f(b) = 4*b - 1. Calculate f(o).
-13
Let q(i) be the second derivative of 6*i + 1/4*i**4 + 1/2*i**2 + 0 + 1/60*i**5 - i**3. Let y(b) be the first derivative of q(b). Give y(-6).
-6
Suppose -18 = 5*c - 3. Let o = c - -4. Let x(j) = -o + 4 - 3 + j**2 + 4*j. Give x(-5).
5
Suppose 0 = w - 8*w + 28. Let m(g) = -w + g - 3 + 12. Let q = -24 + 17. Calculate m(q).
-2
Let d(o) be the second derivative of o**5/20 - o**4/6 + o**3/2 - o**2/2 - o. Suppose -2*r - 2 + 36 = 0. Let c = 19 - r. Calculate d(c).
5
Let g(a) be the third derivative of -a**6/120 + 2*a**5/15 + a**4/24 + 2*a**3/3 - 545*a**2. Determine g(8).
12
Let t(d) = 12*d**2 - 1669*d - 7*d**2 + 1679*d - 4*d**2 + 12 - 2*d**2. Let u(b) = -b**2 + 7*b + 5. Let a be u(6). Give t(a).
1
Let y be (10/(-45))/(9/(-162)). Let p(w) = -3*w**2 + 3*w + 9. What is p(y)?
-27
Let y(a) = 2. Let o(k) = -3. Suppose 2*j = -0*j + 10. Let p(g) = j*y(g) + 3*o(g). Let c(u) = 2*u**2 - 6*u + 4. Let w(q) = c(q) - 4*p(q). Calculate w(4).
8
Suppose 0 = 5*s - 3*d - 14, d - 14 = -4*s + 2*d. Suppose s*x + 5 - 1 = 0. Let j(m) be the third derivative of m**4/4 + 2*m**2. Give j(x).
-6
Let y be 297/18 + (-1)/2. Suppose -5*p - y + 16 = 0. Let r(i) = i + 6. Calculate r(p).
6
Let u(p) = -5*p**2 - 2*p - 2. Suppose m - 9*a - 3 = -14*a, 0 = 3*m + 2*a + 4. Calculate u(m).
-18
Let i(s) = -7*s**2 - 7*s - 1. Let v = 97 - 68. Let n(a) = -21*a - 1 + 9*a**2 - v*a**2 - 3. Let y(r) = -17*i(r) + 6*n(r). Give y(-6).
-1
Suppose 18 = -x - 4*s, 4*x - 5*s - 35 = -2. Let v(q) = 3*q - x + 4*q - 11*q. Determine v(4).
-18
Let u(y) be the third derivative of y**5/60 + 7*y**4/24 + y**3/6 + 34*y**2. Give u(-8).
9
Let t(u) be the third derivative of 7*u**4/24 + 5*u**3/3 - 14*u**2. Let n(s) = -s - 1. Let c(r) = -6*n(r) - t(r). Give c(-3).
-1
Let z(o) = -11*o. Let j be (-6 + 0)/((0 + -2)/2). Suppose -3*b = 4*q - 16, 2*q - 2*b = -0 - j. What is z(q)?
-11
Let j(d) = -7*d - 9. Let t(m) = -24*m - 34. Let z(p) = 7*j(p) - 2*t(p). Suppose 5*i + 21 = 91. Let f be (i/3)/((-8)/(-12)). What is z(f)?
-2
Let p(k) = k**2 + 2*k - 1. Suppose 3*t - 15 = 0, -4*y - 4 + 2 = -2*t. Suppose 1 = -b, -b = -y*w + 4*b + 13. Suppose 8 = -i + w. Calculate p(i).
7
Let l(x) = 1 + 8*x + 4*x**2 + 2 - 3*x**2 + 3. Let g(o) = -2*o - 6. Let m be g(0). Give l(m).
-6
Let q(j) = 3*j - 4 - 8*j + 10 + 4*j. Let h be -6 + (-64)/(-6) + (-1)/(-3). Give q(h).
1
Let a(h) be the first derivative of h**3/3 - 7*h**2/2 - 17*h - 563. Determine a(10).
13
Let w(a) be the third derivative of a**7/5040 - 17*a**5/60 - 8*a**2. Let o(m) be the third derivative of w(m). Give o(3).
3
Let c(s) = 1 - 5 + 2*s**3 - 3*s + 3 + 2*s - 2*s**2. Suppose -4*m = -3*w - 7 - 3, -5*w = -5*m + 10. What is c(w)?
5
Let n(g) = -g + 6. Let h(o) = -o**3 + 7*o**2 + o - 4. Let z be h(7). Suppose -2*w + 5*j - 30 = 0, 4*j - 29 = 5*w + z*j. Calculate n(w).
11
Let b = -87 + 81. Let x(w) = w**2 + 2*w + 8. Calculate x(b).
32
Let o(g) = g**3 + 5*g**2 + 9*g + 9. Let c be o(-2). Let q(f) = f**3 - 7*f**2 + 2*f + 1. Give q(c).
-29
Let j(b) be the first derivative of -3 - 4/3*b**3 + b**2 + 0*b - 1/4*b**4. Let d(g) = -g**2 + 4*g - 5. Let x be d(4). Calculate j(x).
15
Let c = -640 - -653. Let i(f) = -3*f + 31. What is i(c)?
-8
Suppose 2*q = -v + 3, 0 = 3*q + 5*v - 7*v - 15. Suppose -q*c - 29 = -5*p, 4*c = c + 6. Let z(f) = -f**3 + 6*f**2 + 8*f - 2. Calculate z(p).
5
Suppose 3*x - 17 = o - 2, o + 5*x = 25. Suppose 5*m + o = 5. Let g(j) = -2 + j - 3 + j - m. Give g(4).
2
Let y be (2/5)/((-28)/(-490)). Let d(o) = -18*o + 4*o + 5*o + o**2 + 6*o - y. Determine d(5).
3
Let k(d) = 2*d**2 + 30*d + 15. Let t(o) = -o**2 - 14*o - 7. Let f(y) = 4*k(y) + 9*t(y). Suppose 0*u = -4*u + 8. Suppose -u*s - s - 15 = 0. Determine f(s).
2
Let t(z) = 0 + 76*z - 8 - 2*z